k(f).
1
Let f(m) = -m**2 + 7*m - 1. Let z(a) = a**2 + 5*a + 8. Let y be -3*15/18*2. Let h be z(y). What is f(h)?
-9
Let f(j) be the first derivative of -j**2 - 4*j - 25. Give f(-8).
12
Suppose 5*z = 5*b + 95, -3*b + 6*b + 75 = 4*z. Let n(k) = k**2 + z*k - 4 - 47*k + 25*k. Let g be (-156)/(-27) + (-4)/(-18). Determine n(g).
8
Let z(b) = -b**3 - 4*b**2 + 8*b + 4. Let d be -2 + (-3 - (1 + -2)). Let g be (-11 + 8)*d/2. Let h = g - 11. Determine z(h).
-11
Let f(u) be the third derivative of u**4/24 - 4*u**3/3 - 6*u**2 + 21*u. What is f(0)?
-8
Suppose 0 = 10*a - 74 - 26. Suppose 13*h + 18 = a*h. Let b(t) = -t**2 - 6*t + 2. Give b(h).
2
Let p be 1/((-2)/(-24))*3/9. Let k(d) = -5*d + 30. What is k(p)?
10
Let f(y) = y**2 - 56*y - 46*y + 92*y. Let i(d) = d**2 + 6*d + 7. Let q be i(-6). What is f(q)?
-21
Let p(k) = -k**3 + 6*k**2 - k + 1. Let d = -259 + 264. Calculate p(d).
21
Let c(y) = -2*y + 1. Let s(p) = 7*p - 1. Let f(n) = -3*c(n) - s(n). Give f(-1).
-1
Let r(t) = t**2 + 5*t - 7. Suppose -3*b = -b - 12. Let f be 2/(-4) + (-39)/b. What is r(f)?
7
Let t(r) = r**3 + 39*r**2 + 37*r - 43. Let i be t(-38). Let d(n) = -n - 2 + 5 - 2. Give d(i).
6
Let v(t) = 10*t - 27. Let j(n) = -2*n + 4. Let l(o) = -6*j(o) - v(o). Give l(7).
17
Let t(i) = -4*i**3 + i**2 + 2*i + 1. Let v = -10 - -12. Give t(v).
-23
Let h(l) = 3*l + 4. Suppose 4*s - 2*m - 42 = 3*m, 12 = 2*s + 2*m. Let i = s - -20. Suppose i = d + 6*d. Give h(d).
16
Let m be 1/(2 - (-12)/(-8)). Suppose -m*n = -14 - 4. Suppose d = -2*d + n. Let v(i) = -2*i**2 + 5*i - 3. Determine v(d).
-6
Let u(i) = i**3 + 8*i**2 - 60 + 4*i + 41 - 4*i - 12*i. Let o be u(-9). Let l(k) = -k**3 + 8*k**2 + 3. Give l(o).
3
Let b = 28 - 16. Let h = b - 9. Let q(c) = -6*c + 10*c - h*c. Calculate q(0).
0
Let d = 5 + -2. Suppose 0*k - 8 = -d*r + k, -20 = -5*r + 5*k. Suppose -9 - 22 = -3*z - 4*t, r*z - 4*t = -6. Let s(a) = a**3 - 4*a**2 - 4*a - 7. Determine s(z).
-2
Suppose 0 = -3*n + 7*t - 10*t + 63, -6 = -3*t. Let l(s) = -s**3 + 19*s**2 + s - 25. Determine l(n).
-6
Let x(k) = 2*k**2 - 2*k - 1. Let u(w) = w**2 + 13*w + 7. Let i be u(-13). Suppose -20 = 5*s + 2*l, -4*s - 5*l + i = 40. Give x(s).
11
Let g(s) = s + 11. Let h(r) = r**2 - 2*r - 5. Let y be h(0). Let a be g(y). Let t(z) = z**3 - 5*z**2 - 5*z - 8. What is t(a)?
-2
Suppose 45 = 5*q + 3*t, q + 12*t - 10*t - 16 = 0. Let m(d) = -d + 12. Determine m(q).
6
Let p(y) = y**2 + 2*y + 4. Suppose -2*g + 8 + 10 = 0. Let l be g/(-18) - (-1294)/(-4). Let i be l/78 - 2/(-13). Calculate p(i).
12
Let h(s) = 11*s**3 + 9*s**2 + 18*s - 7. Let i(d) = -13*d**3 - 10*d**2 - 20*d + 6. Let j(m) = 7*h(m) + 6*i(m). Give j(4).
-5
Let g(o) = -5 - o**3 - 4*o**2 + 0 + 5. Let p(s) = -s**2 - s. Let w(d) = g(d) - 3*p(d). Determine w(-3).
9
Let c(n) = -n**2 + 2*n + 3. Let z(f) = 7*f**2 - 26*f - 32. Let i(p) = -6*c(p) - z(p). Give i(11).
47
Let q = 79 - 74. Let p(x) = -9*x + 4*x - 2*x - 2 + x**2. What is p(q)?
-12
Let g be (-3)/(1/1 + (-115)/184). Let n(o) = -o - 9. Give n(g).
-1
Suppose -7*v = -2*v + 40. Let c(d) = -5*d + 10. Let n(r) = 2*r - 5. Let g(h) = -6*c(h) - 14*n(h). Determine g(v).
-6
Suppose 184 = -3*w - 152. Let t be (-2)/9 - w/18. Let l(d) be the second derivative of -d**3/3 + 7*d**2/2 + 6*d. What is l(t)?
-5
Let x(o) = -2*o - 4. Suppose -10 = -w - 8. Suppose -5*z - w*q + 15 = 0, z - 3 = -0*z + 3*q. Calculate x(z).
-10
Suppose 5*n + 5*g = 3*n - 26, 2*g + 4 = 0. Let u(c) = -3*c - 22. What is u(n)?
2
Let h be 17 + ((-3)/6)/((-9)/54). Let k(w) = -w**2 + 19*w + 13. Calculate k(h).
-7
Let h(y) be the second derivative of -y**5/20 - 5*y**4/6 + 5*y**3/6 + 15*y**2/2 + 298*y + 1. Calculate h(-10).
-35
Let z(o) = 4*o**2 + 7*o + 2. Let m(r) = -9*r**2 - 18*r - 3. Let w(c) = 2*m(c) + 5*z(c). What is w(-5)?
59
Let m be 21*(-5)/(-60)*4. Let y(h) = -h**2 + 10*h + m*h - 16*h. Calculate y(2).
-2
Let g(x) = x**2 - 6*x - 3. Let y be 84/30 - (-12)/(-15). Suppose 16 = y*v + 4. Give g(v).
-3
Let b = 136 + -119. Let x be (b - 23)/((-6)/4). Let n(k) = -7*k + 1. What is n(x)?
-27
Suppose 0 = -5*m - 1514 + 1554. Let n(s) = s**3 - 7*s**2 - 6*s - 5. What is n(m)?
11
Let n(y) be the first derivative of y**4/4 - 7*y**3/3 + y**2/2 + 8*y + 323. Calculate n(7).
15
Let j(s) = -5*s**3 - 2*s**2 + s + 2. Let u be j(-2). Let h be 19/4 + 8/u. Suppose 15 = -3*l + 6, -h*w - 5*l = 0. Let t(a) = -4*a + 3. Calculate t(w).
-9
Let s(y) be the second derivative of y**3/2 - 2*y**2 - y + 6. Give s(-5).
-19
Let n = 152 - 150. Let j(y) = 2*y. Give j(n).
4
Let q(j) be the third derivative of 1/8*j**4 - 13*j**2 + 0*j + 5/6*j**3 + 1/12*j**5 + 1/120*j**6 + 0. Give q(-5).
-10
Let u(t) be the second derivative of t**4/12 - 4*t**3/3 + t**2 - 51*t. Calculate u(7).
-5
Suppose -2*w - 3*y - 12 = -6*w, -3*y - 12 = w. Suppose 0 = -w*f - 4*f - 24. Let x(a) be the first derivative of -a**4/4 - 2*a**3 + a**2/2 - 29948. What is x(f)?
-6
Let s(i) = 7*i**3 + 2*i + 1. Let n be s(-1). Let u = -8 - n. Let k(a) = -5*a + u*a**2 - a**2 + 2*a**2 + 2*a. Determine k(3).
0
Let s(c) = 2*c**2 + 18*c + 12. Let r(f) = f**2 + 6*f + 4. Let a(y) = -7*r(y) + 2*s(y). Let z(t) = t**2 + 3*t + 2. Let n(l) = 3*a(l) + 7*z(l). Calculate n(3).
-7
Let h(f) = -2*f - 3. Let r(g) = -2*g - 9. Let a be r(-9). Suppose 3*d - a = 4*z, 0 = 3*z - 0*z + 2*d + 11. Calculate h(z).
3
Suppose 0 = -2*c + 7*c + 3*r + 39, 0 = 4*c + 5*r + 39. Let z(o) be the first derivative of 22 + 1/3*o**3 + 3*o**2 + 9*o. What is z(c)?
9
Let k(z) = -4 + 1 + 2*z + 7. Let w = 10 + -10. Suppose 3*c + 19 = -5*v - 11, 2*v - 3*c - 9 = w. Calculate k(v).
-2
Let l = 25 - 63. Let j = 43 + l. Let p(c) = c**2 - 3*c + 3. Let y(t) = t**2 - 3*t + 3. Let d(q) = 2*p(q) - 3*y(q). Give d(j).
-13
Let v be (27/(-18))/(6/28). Let r(a) = -5*a - 3. Let i(n) = n + 1. Let c(u) = v*i(u) - 2*r(u). Give c(2).
5
Let i = 60 + -25. Suppose i = -2*s - s + 5*b, 2*b = 3*s + 23. Let o = s + 9. Let n(x) = x**3 - 5*x**2 + 6*x - 2. What is n(o)?
6
Let h be (8/20)/(3/30). Let r(j) = -h - 6 + 12 - 9. Let i(p) = p - 13. Let a(o) = -6*i(o) + 11*r(o). What is a(2)?
-11
Suppose 0 = -4*d + 3*d - 2. Let m(z) = -2*z**3 - 4*z**2 - z + 5. Let o be m(d). Let f(l) = -l**3 + 7*l**2 - 4. Determine f(o).
-4
Suppose -3*w + 5*g - 10 = 0, 8*g = -3*w + 3*g + 10. Let d(o) = -4*o**2 - o**2 - 2*o**2 - o**3 + w*o + 3 - 6*o. Determine d(-6).
3
Let i(p) = -5 + 5*p**2 - 1883*p**3 + 945*p**3 + 937*p**3 - 4*p. What is i(4)?
-5
Let d(a) = 6*a**2 + 5*a + 9. Let j(l) = l + 1. Let t(b) = d(b) + 6*j(b). Let y(q) = -q**2 - 1. Let u(v) = -t(v) - 5*y(v). What is u(-9)?
8
Let g(t) = 7*t**2 + 1. Let m(k) = -k**2 - 1. Let j(x) = 5*x**2 - 10*x + 24. Let r(d) = j(d) + 4*m(d). Let v be r(7). Calculate g(v).
8
Let l = 7 - 1. Let q be (-15)/(-10)*8/l. Let t(b) be the second derivative of -b**5/10 + b**4/6 - b**3/3 + 3*b**2/2 + 4*b. What is t(q)?
-9
Let m(t) = 2*t**3 + 21*t**2 + 16*t + 23. Let y(v) = -v**3 - 10*v**2 - 8*v - 11. Let n(q) = -3*m(q) - 7*y(q). Give n(-6).
-4
Suppose -13*x + 273 = 286. Let a(u) = 15*u**3 + 9*u**2 - 4*u - 2. Let p(o) = -8*o**3 - 4*o**2 + 2*o + 1. Let j(b) = 6*a(b) + 13*p(b). Give j(x).
15
Let q be (-144)/(-40) - 4/(-10). Let r be 2/q - 21/6. Let u(f) = 4*f**2 + 5*f + 3. Let n(x) = -9*x**2 - 11*x - 6. Let p(o) = -2*n(o) - 5*u(o). What is p(r)?
-12
Let k(j) be the second derivative of -j**5/20 - 7*j**4/12 - j**3 - 5*j**2/2 + 30*j. Give k(-6).
-5
Let l(m) = -4*m - 15. Let p(z) = -1. Let j(a) = -l(a) - 4*p(a). Determine j(-4).
3
Let m(o) be the third derivative of -o**5/15 - o**4/24 - o**3/6 - 62*o**2 + o. What is m(2)?
-19
Let d = 1089 + -1074. Let n(o) = -o**3 + 16*o**2 - 14*o - 6. Determine n(d).
9
Let n(l) = -16*l**2 - 16 - 5*l**2 + 4 + 22*l**2 + 9*l. Determine n(-10).
-2
Let y(d) = -4*d + 1. Let s = -5 + 8. Suppose -k - s*k = 8. Give y(k).
9
Let o(h) be the second derivative of -h**5/20 + 13*h**2/2 - 25*h - 1. What is o(0)?
13
Let w(y) = -2*y**2 - y + 4. Let l be w(0). Let c(a) = a + 3. Give c(l).
7
Let f(d) be the second derivative of d**5/20 - d**4/3 - d**3/3 - d**2 + 379*d. Calculate f(5).
13
Let n(t) = t**3 + 6*t**2 - 6*t + 7. Let y be n(-7). Let f(v) = -12 + 7 + v + y*v. Determine f(4).
-1
Suppose 4*q = 3*q, 4*q = 3*t - 27. Suppose 5*p + 37 = 2*i - t, 2*p = -4*i - 28. Let k be (8/p)/(8/(-60)). Let f(j) = j**3 - 7*j**2 + 7*j - 6. Give f(k).
0
Let d(p) = p + 10. Suppose k - 